7*o. Let m = o + 115. Suppose 8*x = 5*x + 882. Calculate the highest common factor of x and m.
42
Suppose 481 = -5*c - 3*b + 554, -4*c + 2*b + 32 = 0. Let z = -221 - -518. Calculate the highest common factor of c and z.
11
Let u = 16868 + -16790. Calculate the greatest common divisor of u and 78.
78
Let f = 2134 + -2117. What is the highest common divisor of f and 54?
1
Let y(m) = -5*m - 40 - 347*m**2 + 348*m**2 - 22*m. Let i be y(32). Calculate the highest common divisor of i and 180.
60
Let q = 257 - 173. Let j be (-28)/(((-2)/(-3))/((-112)/q)). Suppose -3*w + 7*w - 168 = 0. What is the greatest common factor of w and j?
14
Let n(d) = -11*d**3 + 3*d + 2. Suppose 0 = 5*l + 1 + 4. Let o be n(l). Suppose 2*f - 101 + 97 = 0. Calculate the greatest common factor of f and o.
2
Let w(r) = 866*r**2 + 548*r + 2699. Let t be w(-5). What is the greatest common factor of t and 18?
9
Let p(q) = q**2 - 309*q - 9685. Let t be p(-30). Suppose -2*k - 2*k = -20. Calculate the greatest common factor of k and t.
5
Let g be (-246)/21 - (-4)/(-14). Suppose 1947*p - 6 = 1945*p. Let s be (32/g)/(-8) + 8/p. What is the greatest common divisor of s and 1?
1
Suppose 2*o - 34*b + 30*b = 966, -5*b + 1020 = 2*o. Calculate the highest common divisor of 6655 and o.
55
Let h = -1142 - -1164. Suppose -3318 = -12*q - 414. What is the highest common divisor of q and h?
22
Let n(t) = 410*t + 6821. Let d be n(-16). Calculate the highest common divisor of 207 and d.
9
Let h(b) = 8*b + 152. Let d be h(-19). Suppose -11*m - 5*m + 144 = d. Calculate the greatest common divisor of 144 and m.
9
Suppose 172*u - 653*u + 658970 = 0. Calculate the greatest common divisor of u and 20.
10
Suppose 4*p + k = 2*p - 134, 0 = -p - 5*k - 49. Let b = p - 1. Let d = 125 + b. Calculate the highest common divisor of d and 5.
5
Let r be (-3)/5 - 606/(-10). Let i be ((-124)/(-186))/((-4)/714). Let w = i + 125. What is the highest common divisor of w and r?
6
Let h(g) = g**3 + 2*g**2 - 92*g - 53. Let s be h(-10). What is the highest common factor of s and 201?
67
Suppose -5*w - 874 + 259 = 0. Let r = w - -38. Let s be (102/r)/((-6)/50). Calculate the greatest common divisor of s and 50.
10
Suppose 3*s - 71 = -56. Suppose s*p - 2*p = 72. What is the greatest common divisor of 8 and p?
8
Suppose 3*k + 1506 = 8*k + 3*g, 2*g + 1196 = 4*k. Let d be (15*8/140)/(2/280). Calculate the greatest common divisor of d and k.
60
Let b = 11996 + -11946. Calculate the highest common divisor of b and 4.
2
Suppose -2*g + g + 1491 = 0. Let h = -8894 - -8965. Calculate the greatest common factor of g and h.
71
Let x be (-18)/15 - 68814/(-45). What is the highest common factor of x and 16?
8
Suppose 2252 = 13*a - 2480. What is the greatest common divisor of 39 and a?
13
Suppose -4218 = 435*z - 441*z. Let a = 714 - z. Calculate the greatest common divisor of 187 and a.
11
Suppose -3*l - 1 = -7. Suppose -100 = -5*t - 5*y, -l*t - 2*y = 3*t - 91. Let m = -515 + 583. Calculate the greatest common factor of m and t.
17
Suppose 0 = -13*u - 61 + 87. Suppose 2*p + u*p + y = 27, 9 = 3*y. What is the highest common factor of 75 and p?
3
Let y = 48 + -1. Suppose 0 = -39*k + y*k - 72. Calculate the greatest common factor of k and 7.
1
Let v(h) = 94*h**3 - 33*h**2 + 42*h - 9. Let b be v(1). What is the highest common divisor of b and 8319?
47
Suppose 0 = 58*t + 1586 - 6574. What is the highest common factor of t and 731?
43
Let x = -689 - -674. Let i be (-18)/x*(-3 - 49/(-3)). What is the highest common factor of 2 and i?
2
Let h be (42/18)/7*-12. Let d be (-42)/h - 18/12. What is the highest common divisor of 27 and d?
9
Let v(d) = d**3 - 21*d**2 - 2*d + 576. Let g be v(0). Calculate the greatest common divisor of 90 and g.
18
Suppose 70 = 4*k + 22. Suppose 2*y = -4*t - 14, -y - t = -6*t - 28. Let w be y + 8/(-2)*(-2)/8. What is the greatest common factor of k and w?
4
Let x(b) = b**3 - 15*b**2 - 12*b - 51. Let i be x(16). Let u be 4/8*4 - -11. What is the highest common factor of u and i?
13
Let u(w) = 5*w**2 + 80*w + 383. Let n be u(-5). Suppose -1 - 3 = -2*b. Let c be b/9 - 106/(-9). Calculate the greatest common factor of c and n.
12
Let f(t) = t**3 - 24*t**2 + 33*t - 38. Suppose -d + 43 = 2*g, 0*g - 4*d - 81 = -3*g. Let v be f(g). Calculate the greatest common factor of v and 24.
24
Let y = 11159 + -10325. What is the greatest common divisor of y and 36?
6
Let r be (-24)/16*(-62)/3. Let n(x) = -x**2 + 16*x - 32. Let i be n(10). Let g = r - i. Calculate the highest common divisor of g and 27.
3
Let t(m) = 5*m - 48. Let s be t(12). Suppose 194*d - 197*d - 4*j = -4912, -5*j + 3284 = 2*d. Calculate the highest common factor of d and s.
12
Let j be (30/20)/(1/26). What is the greatest common divisor of 2379 and j?
39
Suppose q = -5*y + 150 + 60, 5*y = 3*q + 190. What is the highest common divisor of 2624 and y?
41
Let t = -21226 - -21330. What is the highest common factor of t and 1313?
13
Let p be ((-8)/(-12))/((-8)/(-60)). Suppose p*o + 27 = 1147. Let a be (-8)/(-92) + (-4404)/(-138). Calculate the greatest common divisor of a and o.
32
Let p be (3 - 2) + 152/4. Suppose 90*m = 85*m + 15. Calculate the greatest common divisor of p and m.
3
Let o(z) = 11*z**3 - 5*z**2 + z + 3. Let n be (48/80)/(3/5). Let y be o(n). What is the highest common divisor of 160 and y?
10
Suppose -40 - 2 = -7*t. Suppose 7*g - t = 71. Suppose 3*f - g = 70. Calculate the greatest common factor of f and 9.
9
Let m be (38 - 26) + 16740/9. What is the highest common divisor of m and 720?
144
Suppose -68 = 3*m + 10. Let u = 89 + m. What is the highest common factor of 18 and u?
9
Suppose 0 = 9*v - 11440 - 6848. What is the greatest common divisor of 192 and v?
16
Suppose 38*r + 93 = 245. Let l be (4/(-10))/(r/(-100)). Calculate the greatest common factor of l and 590.
10
Suppose -10*w = -8 - 32. Suppose 10 = -s + 3*c, w*c + 1 + 4 = 5*s. Calculate the greatest common factor of 115 and s.
5
Suppose 2*j + 4*s = 3666, -5*s = -4*j + 7471 - 87. Calculate the greatest common divisor of 35 and j.
7
Let l be -5 + 88/12 + 17/(-51). What is the greatest common divisor of l and 372?
2
Let b = -20710 - -22322. What is the greatest common factor of b and 364?
52
Let w be (-40)/(-24) + ((-80)/(-12))/(-4). Suppose -96 + w = -48*f. What is the greatest common factor of 122 and f?
2
Suppose -3*h + 157 = -4*r, 4*h - 52*r = -53*r + 203. What is the highest common divisor of h and 69?
3
Suppose 72 = v - 4*o, -2*v + o = 890 - 1006. What is the highest common factor of 3010 and v?
14
Let w = 227 + -319. Let a = 222 + w. What is the highest common factor of 20 and a?
10
Suppose 0 = 9*p - 333 - 621. Suppose 212 = -51*g + 55*g. Calculate the highest common factor of g and p.
53
Suppose -b + 140 = 95. Suppose -3*g = -2*g. Suppose z - 5*z + 83 = -5*f, g = -2*z - f + b. What is the highest common factor of z and 66?
22
Suppose 4*n - 5455 = 5*j, -4*n = -7*n + 4*j + 4092. What is the greatest common divisor of 720 and n?
80
Suppose -6*t + 2*t = -20. Suppose -11 - t = -4*o. Suppose -4*n + 30 = -4*z - 2, -2*z = o*n - 2. Calculate the highest common divisor of 2 and n.
1
Suppose -6*x + 2*x = -60. Suppose 4*y + 12 = 0, -4*c + 6*c + 5*y - x = 0. Let h = -18498 + 18573. Calculate the greatest common factor of c and h.
15
Suppose 11*j + 500 - 1710 = 0. Let w = j - 104. Suppose -w*u - 35 = -323. Calculate the highest common divisor of 6 and u.
6
Suppose 0 = -4*u + 2*a + 328, -4*u + 3*a - 27 + 359 = 0. Let r be (12/5)/((-15)/(-100)). Calculate the greatest common divisor of u and r.
16
Let g = 1141 - 1231. Let w be 2/3*g/12 + 17. Suppose 10 - 4 = r. Calculate the greatest common factor of r and w.
6
Suppose 517 = -15*h + 4687. Calculate the greatest common divisor of 973 and h.
139
Suppose -1280*d = -1271*d + 417 - 3693. Calculate the highest common factor of 1300 and d.
52
Let k = -3795 - -6094. What is the greatest common divisor of k and 38?
19
Suppose -4*c - 84 = -4*a, -3*c + 3 - 2 = a. Suppose -2*b + 50 + 122 = -4*o, -4*o = a. Calculate the highest common factor of 130 and b.
26
Let z = 65 - 108. Let a = 35 + z. Let s = a - -15. Calculate the highest common factor of 21 and s.
7
Let l(m) = 71*m**2 - 42*m - 44. Let a be l(-1). Calculate the greatest common factor of a and 69.
69
Let q be ((-2)/(